{"id":116,"date":"2023-06-06T03:48:45","date_gmt":"2023-06-06T03:48:45","guid":{"rendered":"https:\/\/fischbild.de\/STRATO-apps\/wordpress_06\/app\/?page_id=116"},"modified":"2024-11-30T07:12:54","modified_gmt":"2024-11-30T07:12:54","slug":"spielregeln","status":"publish","type":"page","link":"https:\/\/fischbild.de\/STRATO-apps\/wordpress_06\/app\/spielregeln\/","title":{"rendered":"Spielregeln"},"content":{"rendered":"\n<p><em>stand: 30.11.2<\/em>4 &#8211; Wir suchen momentan Leute in Nordamerika und Afrika (Gr\u00fcne Bereiche) Die roten Bereiche sind momentan geblockt.!<\/p>\n\n\n\n<p>Neuigkeiten: Wir haben zusammen mit dem Methodenforscher M. H\u00f6fler dar\u00fcber nachgedacht, die Aussetzzeiten der Kontinente und L\u00e4nder nach ihrer Bev\u00f6lkerungszahl und der Fl\u00e4che zu gewichten. Da die Auswahl des Landes f\u00fcr den n\u00e4chsten &#8222;Move&#8220; aber unbedingt nach statistischen und intuitiven Kriterien erfolgen soll, ist uns noch kein funktionierendes System gelungen. Es wird weiter daran gearbeitet. Falls du mitdenken m\u00f6chtest melde dich gerne mail(\u00e4t)institutfuergutelaune.de<\/p>\n\n\n <!-- start Fla-shop.com HTML5 Map --> <div class='freeHtmlMapbottom htmlMapResponsive' style='max-width:780px; width: 100%'> <div id='map-container-0' class='freeHtmlMapContainer' data-map-variable='map0'><\/div> <link href='https:\/\/fischbild.de\/STRATO-apps\/wordpress_06\/app\/wp-content\/plugins\/html5-maps\/static\/css\/map.css' rel='stylesheet'> <style> body .fm-tooltip { color: #000000; font-size: 20px; } <\/style> <script src='\/\/cdn.html5maps.com\/3d_party\/raphael.min.js'><\/script> <script src='https:\/\/fischbild.de\/STRATO-apps\/wordpress_06\/app\/index.php?freemap_js_data=true&map_id=0&r=64964'><\/script> <script src='\/\/cdn.html5maps.com\/libs\/locator\/2.4.8\/world\/map.js'><\/script> <script> var map0 = new FlaMap(map_cfg); map0.drawOnDomReady('map-container-0'); map0.on('click', function(ev, sid, map) { jQuery('#freeHtmlMapStateInfo0').html(''); var link = map.mapConfig.map_data[sid]['link']; if (link == '#info') { var id = map.mapConfig.map_data[sid]['id']; jQuery('#freeHtmlMapStateInfo0').html('Wird geladen\u00a0\u2026'); jQuery.ajax({ type: 'POST', url: 'https:\/\/fischbild.de\/STRATO-apps\/wordpress_06\/app\/index.php?freemap_get_state_info='+id+'&map_id=0', success: function(data, textStatus, jqXHR){ jQuery('#freeHtmlMapStateInfo0').html(data); }, dataType: 'text' }); } }); <\/script> <div id='freeHtmlMapStateInfo0' class='freeHtmlMapStateInfo'><\/div> <\/div> <div style='clear: both'><\/div> <!-- end HTML5 Map --> \n\n\n\n<p>Bei unserem Gemeinschaftskunstwerk von K\u00fcnstlern und K\u00fcnstlerinnen der ganzen Welt, kann <strong>jeder Mensch<\/strong> teilnehmen.<\/p>\n\n\n\n<p>Damit er dies aber auch wirklich k\u00fcnstlerisch tut, sollte er\/sie die Farbe und den Ort f\u00fcr unser Bild rein <strong>intuitiv bestimmen<\/strong>. &#8222;Ohne Ideologie!&#8220;<\/p>\n\n\n\n<p><em>&#8222;Wenn man weiss das etwas stimmt, ohne dass man erkl\u00e4ren kann warum, dann weiss man es intuitiv.&#8220;<\/em><\/p>\n\n\n\n<p>Um die Teilnehmer wirklich <strong>auf der ganzen Welt zu verteilen<\/strong>, m\u00fcssen L\u00e4nder, Regionen oder Kontinente, die gerade dran waren, eine gewisse Zeit aussetzen.<br>Beispiel: Ist ein Zug\/Move zum Beispiel in Deutschland\/Europa gemacht, so setzt der Kontinent Europa mindestens 5 Z\u00fcge lang aus. Und das Land &#8222;BRD&#8220; kann erst wieder nach 150 Z\u00fcgen dran kommen.&nbsp;<\/p>\n\n\n\n<figure class=\"wp-block-image size-large\"><a href=\"https:\/\/fischbild.de\/STRATO-apps\/wordpress_06\/app\/wp-content\/uploads\/2023\/06\/weltkarte-001-zug.jpg\"><img fetchpriority=\"high\" decoding=\"async\" width=\"1024\" height=\"493\" src=\"https:\/\/fischbild.de\/STRATO-apps\/wordpress_06\/app\/wp-content\/uploads\/2023\/06\/weltkarte-001-zug-1024x493.jpg\" alt=\"\" class=\"wp-image-148\" srcset=\"https:\/\/fischbild.de\/STRATO-apps\/wordpress_06\/app\/wp-content\/uploads\/2023\/06\/weltkarte-001-zug-1024x493.jpg 1024w, https:\/\/fischbild.de\/STRATO-apps\/wordpress_06\/app\/wp-content\/uploads\/2023\/06\/weltkarte-001-zug-300x144.jpg 300w, https:\/\/fischbild.de\/STRATO-apps\/wordpress_06\/app\/wp-content\/uploads\/2023\/06\/weltkarte-001-zug-768x370.jpg 768w, https:\/\/fischbild.de\/STRATO-apps\/wordpress_06\/app\/wp-content\/uploads\/2023\/06\/weltkarte-001-zug-1536x739.jpg 1536w, https:\/\/fischbild.de\/STRATO-apps\/wordpress_06\/app\/wp-content\/uploads\/2023\/06\/weltkarte-001-zug-900x433.jpg 900w, https:\/\/fischbild.de\/STRATO-apps\/wordpress_06\/app\/wp-content\/uploads\/2023\/06\/weltkarte-001-zug.jpg 1550w\" sizes=\"(max-width: 1024px) 100vw, 1024px\" \/><\/a><figcaption class=\"wp-element-caption\">Die BRD ist f\u00fcr die n\u00e4chsten 150 Z\u00fcge geblockt &#8211; Europa ist 5 Z\u00fcge geblockt<\/figcaption><\/figure>\n\n\n\n<p>Die K\u00fcnstler oder K\u00fcnstlerinnen werden von uns eingeladen, k\u00f6nnen sich aber auch unaufgefordert bei uns melden. Deswegen sind wir darauf angewiesen das Du anderen von dem Kunstwerk erz\u00e4hlst. Kennst Du jemanden der in einem anderem Land auf einem anderen Kontinent lebt? Sag uns bescheid, wir laden ihn oder sie ein.<\/p>\n\n\n\n<p>Alle Menschen sind eingeladen, das Kunstwerk Strucktur\/Regeln u.s.w. weiterzuentwickeln und durch ihre F\u00e4higkeiten zu unterst\u00fctzen. Wir brauchen Mensch die weitererz\u00e4hler, dolmetschen, Plakate kleben, erkl\u00e4ren und begeistern k\u00f6nnen.<\/p>\n\n\n\n<p><strong><em>&#8222;Alles muss geschenkt sein&#8220;<\/em> <\/strong>Da unser Gemeinschaftskunstwerk als Liebesbeziehung besteht, gilt wie in jeder anderen Liebesbeziehung: &#8222;Wenn es nicht geschenkt ist, k\u00f6nnen wir es nicht gebrauchen.&#8220; <\/p>\n","protected":false},"excerpt":{"rendered":"<p>stand: 30.11.24 &#8211; Wir suchen momentan Leute in Nordamerika und Afrika (Gr\u00fcne Bereiche) Die roten Bereiche sind momentan geblockt.! Neuigkeiten: Wir haben zusammen mit dem Methodenforscher M. H\u00f6fler dar\u00fcber nachgedacht, die Aussetzzeiten der Kontinente und L\u00e4nder nach ihrer Bev\u00f6lkerungszahl und der Fl\u00e4che zu gewichten. Da die Auswahl des Landes f\u00fcr den n\u00e4chsten &#8222;Move&#8220; aber unbedingt nach statistischen und intuitiven Kriterien erfolgen soll, ist uns noch kein funktionierendes System gelungen. Es wird weiter daran gearbeitet. Falls du mitdenken m\u00f6chtest melde dich gerne mail(\u00e4t)institutfuergutelaune.de Bei unserem Gemeinschaftskunstwerk von K\u00fcnstlern und K\u00fcnstlerinnen der ganzen Welt, kann jeder Mensch teilnehmen. Damit er dies aber&hellip;<\/p>\n","protected":false},"author":1,"featured_media":0,"parent":0,"menu_order":0,"comment_status":"closed","ping_status":"closed","template":"","meta":{"footnotes":""},"jetpack_sharing_enabled":true,"_links":{"self":[{"href":"https:\/\/fischbild.de\/STRATO-apps\/wordpress_06\/app\/wp-json\/wp\/v2\/pages\/116"}],"collection":[{"href":"https:\/\/fischbild.de\/STRATO-apps\/wordpress_06\/app\/wp-json\/wp\/v2\/pages"}],"about":[{"href":"https:\/\/fischbild.de\/STRATO-apps\/wordpress_06\/app\/wp-json\/wp\/v2\/types\/page"}],"author":[{"embeddable":true,"href":"https:\/\/fischbild.de\/STRATO-apps\/wordpress_06\/app\/wp-json\/wp\/v2\/users\/1"}],"replies":[{"embeddable":true,"href":"https:\/\/fischbild.de\/STRATO-apps\/wordpress_06\/app\/wp-json\/wp\/v2\/comments?post=116"}],"version-history":[{"count":16,"href":"https:\/\/fischbild.de\/STRATO-apps\/wordpress_06\/app\/wp-json\/wp\/v2\/pages\/116\/revisions"}],"predecessor-version":[{"id":265,"href":"https:\/\/fischbild.de\/STRATO-apps\/wordpress_06\/app\/wp-json\/wp\/v2\/pages\/116\/revisions\/265"}],"wp:attachment":[{"href":"https:\/\/fischbild.de\/STRATO-apps\/wordpress_06\/app\/wp-json\/wp\/v2\/media?parent=116"}],"curies":[{"name":"wp","href":"https:\/\/api.w.org\/{rel}","templated":true}]}}