{"id":73,"date":"2023-05-15T09:38:01","date_gmt":"2023-05-15T09:38:01","guid":{"rendered":"https:\/\/fischbild.de\/STRATO-apps\/wordpress_06\/app\/?page_id=73"},"modified":"2024-11-30T06:33:37","modified_gmt":"2024-11-30T06:33:37","slug":"unsere-kuenstler","status":"publish","type":"page","link":"https:\/\/fischbild.de\/STRATO-apps\/wordpress_06\/app\/unsere-kuenstler\/","title":{"rendered":"mitwirkende K\u00fcnstlerinnen &#038; K\u00fcnstler"},"content":{"rendered":"\n<p><\/p>\n\n\n\n<p><strong>Liste der mitwirkenden K\u00fcnstler und K\u00fcnstlerinnen <\/strong><em>(stand 30.11.24)<\/em><strong>:<\/strong><\/p>\n\n\n\n<p>Michael H\u00f6fler: Spielregeln weiterentwickelt<\/p>\n\n\n\n<p>Ginger Bartlett: 4. move<\/p>\n\n\n\n<p>Christoph Stephan orga 4. move<\/p>\n\n\n\n<p>Crecencio Anculle Llamoca: 3. move<\/p>\n\n\n\n<p>Burkhard Stoll. orga 3. move<\/p>\n\n\n\n<p>Yinghua Duan (Linhe Jiu): 2. move<\/p>\n\n\n\n<p>Ferdinand Georg: Impuls\/Wunsch, 1. move und orga 2. move<\/p>\n\n\n\n<p>Thomas Preibisch (Mutter): erste Spielregeln\/Name\/Idee des Gemeinschaftskunstwerkes<\/p>\n\n\n\n<p>Institut f\u00fcr Gute Laune (&#8222;IfGL&#8220; die Puzzle-Kuh): Infrastruktur\/Organisation<\/p>\n\n\n\n<p>Buckerlwahle: Vorbild eines globalen und spezies\u00fcbergreifenden Gemeinschaftskunstwerkes einer Spezies<\/p>\n\n\n\n<p>Gerhard Richter: Struktur\/Vorbild &#8222;192 Farben&#8220;<\/p>\n\n\n\n<p>Joseph Beuys: Idee der Sozialen Plastik \/ erweiterter Kunstbegriff<\/p>\n\n\n\n<p>Kasimir Malewitsch: erste Farbfl\u00e4che\/schwarzes Quadrat<\/p>\n\n\n\n<p>Richard Wagner: Idee des Gesamtkunstwerkes<\/p>\n\n\n\n<p><\/p>\n\n\n\n<p><em>Arbeite gerne mit an unserem Gemeinschaftskunstwerk &#8222;Menschgesang&#8220; und werde Teil dieser Liste \ud83d\ude42<\/em><\/p>\n","protected":false},"excerpt":{"rendered":"<p>Liste der mitwirkenden K\u00fcnstler und K\u00fcnstlerinnen (stand 30.11.24): Michael H\u00f6fler: Spielregeln weiterentwickelt Ginger Bartlett: 4. move Christoph Stephan orga 4. move Crecencio Anculle Llamoca: 3. move Burkhard Stoll. orga 3. move Yinghua Duan (Linhe Jiu): 2. move Ferdinand Georg: Impuls\/Wunsch, 1. move und orga 2. move Thomas Preibisch (Mutter): erste Spielregeln\/Name\/Idee des Gemeinschaftskunstwerkes Institut f\u00fcr Gute Laune (&#8222;IfGL&#8220; die Puzzle-Kuh): Infrastruktur\/Organisation Buckerlwahle: Vorbild eines globalen und spezies\u00fcbergreifenden Gemeinschaftskunstwerkes einer Spezies Gerhard Richter: Struktur\/Vorbild &#8222;192 Farben&#8220; Joseph Beuys: Idee der Sozialen Plastik \/ erweiterter Kunstbegriff Kasimir Malewitsch: erste Farbfl\u00e4che\/schwarzes Quadrat Richard Wagner: Idee des Gesamtkunstwerkes Arbeite gerne mit an unserem Gemeinschaftskunstwerk&hellip;<\/p>\n","protected":false},"author":1,"featured_media":0,"parent":0,"menu_order":0,"comment_status":"closed","ping_status":"closed","template":"","meta":{"footnotes":""},"jetpack_sharing_enabled":true,"_links":{"self":[{"href":"https:\/\/fischbild.de\/STRATO-apps\/wordpress_06\/app\/wp-json\/wp\/v2\/pages\/73"}],"collection":[{"href":"https:\/\/fischbild.de\/STRATO-apps\/wordpress_06\/app\/wp-json\/wp\/v2\/pages"}],"about":[{"href":"https:\/\/fischbild.de\/STRATO-apps\/wordpress_06\/app\/wp-json\/wp\/v2\/types\/page"}],"author":[{"embeddable":true,"href":"https:\/\/fischbild.de\/STRATO-apps\/wordpress_06\/app\/wp-json\/wp\/v2\/users\/1"}],"replies":[{"embeddable":true,"href":"https:\/\/fischbild.de\/STRATO-apps\/wordpress_06\/app\/wp-json\/wp\/v2\/comments?post=73"}],"version-history":[{"count":22,"href":"https:\/\/fischbild.de\/STRATO-apps\/wordpress_06\/app\/wp-json\/wp\/v2\/pages\/73\/revisions"}],"predecessor-version":[{"id":262,"href":"https:\/\/fischbild.de\/STRATO-apps\/wordpress_06\/app\/wp-json\/wp\/v2\/pages\/73\/revisions\/262"}],"wp:attachment":[{"href":"https:\/\/fischbild.de\/STRATO-apps\/wordpress_06\/app\/wp-json\/wp\/v2\/media?parent=73"}],"curies":[{"name":"wp","href":"https:\/\/api.w.org\/{rel}","templated":true}]}}